5820 a multiple of 405?
True
Is 1719039 a multiple of 165?
False
Is 213 a factor of 316092?
True
Is 120549 a multiple of 11?
True
Is 114241 a multiple of 118?
False
Is 1069538 a multiple of 507?
False
Is 415 a factor of 496875?
False
Is 2 a factor of 4278?
True
Does 122 divide 8957606?
True
Is 3362615 a multiple of 47?
True
Is 1340901 a multiple of 27?
True
Is 750528 a multiple of 18?
True
Does 71 divide 140225?
True
Is 677769 a multiple of 289?
False
Does 9 divide 637456?
False
Is 2637346 a multiple of 34?
True
Is 346 a factor of 508620?
True
Does 13 divide 2958045?
False
Is 201787 a multiple of 316?
False
Does 139 divide 656268?
False
Is 41902 a multiple of 41?
True
Is 143 a factor of 1255826?
True
Is 700754 a multiple of 548?
False
Is 8 a factor of 572032?
True
Is 657 a factor of 9425322?
True
Is 18088 a multiple of 19?
True
Is 3382661 a multiple of 557?
True
Is 21 a factor of 116637?
False
Is 113565 a multiple of 113?
True
Is 38 a factor of 84746?
False
Is 5 a factor of 1160898?
False
Is 19 a factor of 533900?
True
Is 193032 a multiple of 18?
True
Is 323 a multiple of 17?
True
Does 42 divide 31038?
True
Is 131366 a multiple of 24?
False
Is 34139 a multiple of 4?
False
Is 131 a factor of 233181?
False
Does 295 divide 496190?
True
Does 292 divide 484107?
False
Is 191 a factor of 4083578?
False
Is 230733 a multiple of 12?
False
Does 114 divide 1089720?
False
Does 14 divide 190862?
True
Is 19 a factor of 2062374?
True
Is 16 a factor of 134115?
False
Does 4 divide 13003?
False
Is 474600 a multiple of 20?
True
Is 96472 a multiple of 62?
True
Is 12 a factor of 7015?
False
Is 9890 a multiple of 10?
True
Is 4 a factor of 351811?
False
Is 642442 a multiple of 21?
False
Is 1416708 a multiple of 116?
True
Is 23715749 a multiple of 503?
False
Does 1092 divide 2843568?
True
Is 2362848 a multiple of 16?
True
Is 268019 a multiple of 25?
False
Is 21 a factor of 4300247?
False
Does 180 divide 419940?
True
Is 2 a factor of 1298?
True
Does 11 divide 8824479?
False
Is 20 a factor of 198740?
True
Does 530 divide 361460?
True
Does 546 divide 1907724?
True
Is 18064140 a multiple of 66?
False
Does 823 divide 6328767?
False
Is 337 a factor of 2515792?
False
Is 10 a factor of 453756?
False
Does 20 divide 863470?
False
Is 426 even?
True
Is 489 a factor of 925541?
False
Is 30 a factor of 25606023?
False
Is 71158 a multiple of 400?
False
Is 291856 a multiple of 464?
True
Is 13 a factor of 289159?
True
Is 23277 a multiple of 3?
True
Is 22 a factor of 59920?
False
Does 2 divide 99633?
False
Is 43 a factor of 640992?
False
Is 37248 a multiple of 9?
False
Is 112 a factor of 1785953?
False
Is 4042606 a multiple of 29?
False
Is 309087 a multiple of 9?
True
Is 330291 a multiple of 27?
True
Is 3 a factor of 47963?
False
Does 14 divide 143430?
True
Is 32 a factor of 218116?
False
Does 29 divide 16344853?
False
Does 349 divide 1196205?
False
Is 12 a factor of 304716?
True
Is 11 a factor of 650374?
False
Does 77 divide 879550?
False
Does 2 divide 22872?
True
Is 28 a factor of 398014?
False
Does 291 divide 436209?
True
Does 148 divide 68376?
True
Is 946 a factor of 246906?
True
Is 36504 a multiple of 32?
False
Is 6686 a multiple of 78?
False
Does 31 divide 1139232?
False
Does 68 divide 128450?
False
Is 7 a factor of 3328752?
True
Is 128061 a multiple of 72?
False
Does 39 divide 4227912?
True
Does 56 divide 325071?
False
Is 231750 a multiple of 250?
True
Is 1623103 a multiple of 15?
False
Is 148707 a multiple of 48?
False
Does 22 divide 9265124?
True
Does 119 divide 1880914?
True
Is 19 a factor of 81092?
True
Does 3 divide 192913?
False
Does 124 divide 1067516?
True
Is 25 a factor of 300375?
True
Is 81325 even?
False
Is 6 a factor of 91447?
False
Does 11 divide 138015?
False
Is 228 a factor of 592371?
False
Does 28 divide 1948822?
False
Is 10035102 a multiple of 406?
True
Is 314160 a multiple of 136?
True
Is 29570 a multiple of 9?
False
Is 8468117 a multiple of 23?
True
Does 112 divide 306755?
False
Is 101 a factor of 103727?
True
Is 105161 a multiple of 6?
False
Is 3627623 a multiple of 76?
False
Is 8 a factor of 9062597?
False
Is 494672 a multiple of 172?
True
Is 6 a factor of 1221487?
False
Is 86578 a multiple of 146?
True
Does 166 divide 13464335?
False
Is 1115884 a multiple of 4?
True
Does 121 divide 30492?
True
Does 74 divide 487615?
False
Is 20601744 a multiple of 12?
True
Is 20 a factor of 14460?
True
Does 53 divide 532408?
False
Is 3669817 a multiple of 316?
False
Does 248 divide 197160?
True
Does 342 divide 550620?
True
Is 374 a factor of 8866792?
True
Is 71178 a multiple of 23?
False
Does 16 divide 27568?
True
Is 31 a factor of 298747?
True
Is 5 a factor of 1372343?
False
Does 9 divide 1331870?
False
Is 351 a factor of 2743065?
True
Is 32 a factor of 7304312?
False
Is 11 a factor of 5165336?
True
Does 121 divide 1588246?
True
Does 115 divide 1438650?
True
Is 7852 a multiple of 6?
False
Does 249 divide 301788?
True
Is 916 a factor of 5958580?
True
Is 2 a factor of 467?
False
Does 18 divide 2755962?
True
Is 349 a factor of 79921?
True
Is 18 a factor of 167855?
False
Is 24931556 a multiple of 386?
False
Is 607550 a multiple of 50?
True
Is 166550 a multiple of 25?
True
Does 8 divide 2891216?
True
Is 587430 a multiple of 18?
True
Does 4 divide 376825?
False
Does 59 divide 68543?
False
Is 223 a factor of 640010?
True
Does 9 divide 318060?
True
Does 132 divide 698676?
True
Is 76 a factor of 7662?
False
Is 12 a factor of 441103?
False
Is 20939151 a multiple of 43?
True
Is 140096 a multiple of 20?
False
Is 11 a factor of 61583?
False
Is 19 a factor of 1127384?
True
Is 187 a factor of 111265?
True
Does 249 divide 1558059?
False
Does 20 divide 194784?
False
Does 8 divide 298962?
False
Does 23 divide 2409894?
True
Is 10 a factor of 158495?
False
Is 70 a factor of 530659?
False
Is 7 a factor of 47649?
True
Does 373 divide 472964?
True
Is 33 a factor of 144573?
True
Does 72 divide 15308640?
True
Is 1105845 a multiple of 107?
True
Is 571982 a multiple of 10?
False
Is 10 a factor of 34251?
False
Is 173822 a multiple of 227?
False
Is 35 a factor of 258090?
True
Is 4234600 a multiple of 248?
True
Does 33 divide 3083091?
True
Does 8 divide 31056?
True
Is 6207230 a multiple of 10?
True
Is 43 a factor of 28810688?
True
Does 178 divide 3439174?
False
Is 1161753 even?
False
Does 38 divide 17100?
True
Does 77 divide 284207?
True
Does 245 divide 8143800?
True
Does 20 divide 156740?
True
Does 52 divide 2044710?
False
Is 48506 a multiple of 158?
True
Is 142 a factor of 16068372?
False
Is 10 a factor of 28054?
False
Does 64 divide 3293504?
True
Is 32973 a multiple of 204?
False
Is 61412 a multiple of 26?
True
Is 917 a factor of 1445461?
False
Does 20 divide 1211380?
True
Is 435204 a multiple of 49?
False
Does 22 divide 450468?
False
Does 42 divide 8763605?
False
Is 98 a factor of 155919?
False
Is 1567557 a multiple of 1504?
False
Does 275 divide 2344605?
False
Is 1594 a factor of 3949788?
False
Is 3156728 a multiple of 609?
False
Does 55 divide 327910?
True
Is 520 a factor of 255266?
False
Is 364 a factor of 1019780?
False
Is 175 a factor of 16073575?
True
Is 252 a factor of 64260?
True
Does 16 divide 11282208?
True
Is 584979 a multiple of 227?
True
Is 152 a factor of 887824?
False
Is 600 a factor of 5532477?
False
Is 578832 a multiple of 62?
True
Is 187680 a multiple of 71?
False
Does 10 divide 239590?
True
Does 29 divide 5713319?
True
Is 69 a factor of 81936?
False
Is 60856 a multiple of 4?
True
Is 102828 a multiple of 41?
True
Does 467 divide 4215142?
True
Does 4 divide 2548?
True
Is 2019140 a multiple of 57?
False
Is 23 a factor of 606370?
False
Is 42 a factor of 11455962?
True
Is 4552 a multiple of 4?
True
Does 104 divide 401856?
True
Is 232020 a multiple of 13?
False
Is 44 a factor of 3954270?
False
Is 195 a factor of 122245?
False
Is 8 a factor of 37868?
False
Is 439 a factor of 3136655?
True
Does 297 divide 29419?
False
Does 110 divide 2874850?
True
Does 28 divide 541455?
False
Does 1030 divide 2913668?
False
Is 10021274 a multiple of 141?
False
Is 5290515 a multiple of 9?
True
Does 2 divide 1154955?
False
Is 159 a factor of 215922?
True
Is 2767192 a multiple of 125?
False
Is 130 a factor of 20800?
True
Is 67 a factor of 632748?
True
Does 98 divide 258034?
True
Is 25880449 a multiple o